5. Give q(y).
-15
Let x be (28/8)/(1/(-2)). Let h be (406/(-145))/((2/10)/1). Let f = h - x. Let q(g) = g**3 + 7*g**2 - 2*g - 7. Calculate q(f).
7
Let m(d) = -d + 1. Let h be 6 + -3 - -5 - 1. Suppose h - 3 = 2*g. What is m(g)?
-1
Let z(a) be the first derivative of -a**2/2 + 26*a + 235. Give z(11).
15
Let y(s) = -10*s + 2. Let q(b) = 33*b - 6. Let o(u) = -3*q(u) - 10*y(u). Let z be 6/(-3)*(-2)/4. Calculate o(z).
-1
Let f(c) be the first derivative of 2*c + 4/3*c**3 + 7 - 5/2*c**2 + 1/4*c**4. What is f(-5)?
2
Let m(p) = -10419*p - p**3 - 2*p**2 - 4 + 10427*p + 17. Calculate m(-3).
-2
Let s(t) be the third derivative of t**6/120 - t**5/12 - 2*t**3/3 + 2*t**2. Let q(c) = 2*c**2 + 3*c + 1. Let p be q(-2). Let v = 8 - p. Determine s(v).
-4
Let l(w) = -2*w**3 + 8*w**2 + 4*w + 2. Let v(o) = 5*o**3 - 23*o**2 - 11*o - 6. Let k(m) = 8*l(m) + 3*v(m). Calculate k(-5).
3
Let z = 1 - 1. Let i(w) be the third derivative of w**5/60 + w**4/24 + w**3/3 - 16*w**2 + 12*w - 1. Give i(z).
2
Suppose -c = 4*f - 17, -f + 8 = 4*c - 0*f. Let u(s) = c + 0*s**3 + 2*s - s**3 - 3*s. Suppose -b = 3*r + 4, -4*b + 5*r = -0*r - 18. What is u(b)?
-9
Let q(x) = -x**2 + 11*x - 1. Let l be q(10). Let h(u) = -2 + l*u - 14*u + 0*u**2 + u**3 - 3*u**2. Calculate h(4).
-6
Let o(v) = v**2 - v + 2. Suppose -11*i = -3*i - 48. Suppose -14 = -i*z - 2. Calculate o(z).
4
Suppose 2*p + t + 8 = -3*t, 0 = 5*t + 25. Suppose 3*c + 0*c + p = 0. Let k(q) = -2*q - 1. Calculate k(c).
3
Let s(u) = u**3 - 3*u**2 + 2*u. Let b = -115 + 118. Give s(b).
6
Let b(u) = -2*u**2 - 14*u - 7. Let s = 20 + -26. Determine b(s).
5
Let y = 7 - 3. Suppose -t + 2*h + 14 = 0, -4 = y*t - 0*h + 4*h. Let s(g) be the second derivative of g**4/12 - 2*g**3/3 + 5*g**2/2 - g. Calculate s(t).
5
Let v be (-34)/(-27)*3 + 12/54. Suppose -5*k + 45 = -v*x, 5*k = 4*k - x. Let t(f) = -f**2 + 5*f + 5. Calculate t(k).
5
Let p = -49 + 48. Let d(a) = -1. Let s(q) = -q + 13. Let i(g) = p*d(g) + s(g). Give i(0).
14
Let z(k) = -3 + 2*k - 3*k + 11. Let t be -21*3/18*(-30)/21. What is z(t)?
3
Suppose -36*p + 28*p = 56. Let t(o) = 0 - 2 - 3*o - 1 + 5*o. What is t(p)?
-17
Let w be 48/(-26) - (234/169)/9. Let u(x) = 5*x. Determine u(w).
-10
Let d = -48 - -48. Suppose d = -2*j - j + 3*t - 30, -5*t = -25. Let b(c) = -c**3 - 5*c**2 - 3*c - 3. Calculate b(j).
12
Let q(l) = -l**2 - l - 1. Let t(x) = -7*x**2 - 2*x - 8. Let f(p) = 3*q(p) - t(p). Let g(s) = -5*s**2 + 2*s - 6. Let m(y) = 6*f(y) + 5*g(y). Give m(2).
4
Let r(d) = d**3 + 2*d - 12*d**3 + 7*d**3 + 5*d**3 - 31 + 298*d**2 - 302*d**2. What is r(5)?
4
Let g(q) = -q + 9. Suppose -3*l + 136 = -11*l. Let t = 22 + l. Calculate g(t).
4
Let w(i) = -4*i + 31. Suppose 5*v = -4*p + 11, 3*v - 8*v - 25 = 0. What is w(p)?
-5
Let d(q) = -6058*q - 6073*q + 12141*q - 14 + q**2. Calculate d(-11).
-3
Suppose -2*m = -9*m + 140. Let v(r) = 23 + r - 2*r + m - 42. Determine v(4).
-3
Let r(h) = h**3 + 11*h**2 + 11*h + 10. Let x be r(-10). Suppose 2*v = -4*f + 12, 2*f + 3*v + v = x. Let c(j) = j**3 - 5*j**2 + 5*j - 2. What is c(f)?
2
Let q(k) be the second derivative of -k**4/12 + 5*k**3/3 - 5*k**2 - 2*k + 21. What is q(8)?
6
Suppose 2141*b - 2133*b + 32 = 0. Let q(h) = -h**2 + 5*h + 1. Give q(b).
-35
Let m(a) = -7*a**2 - 2*a - 3. Let q(v) = -11*v**2 - 3*v - 5. Let u(j) = 8*m(j) - 5*q(j). Determine u(0).
1
Let g(i) = -i**2 + 3*i + 3. Suppose 100*b = 99*b + 15. Suppose -18*f + b*f - 12 = 0. Determine g(f).
-25
Let m(s) = s**2 + 17*s - 46. Let i be 188/(-10) + (-1)/5. Calculate m(i).
-8
Suppose 51 = -f + 45. Let l(j) = 3*j**2 + 21*j - 17. Let i(a) = -2*a**2 - 14*a + 11. Let s be (-5)/(0 + (1 - 0)). Let h(z) = s*l(z) - 8*i(z). Determine h(f).
-9
Let h = -2 - -19. Suppose 0 = -3*g + h - 5. Let n(i) = -4*i + 5. Let t(s) = -21*s + 26. Let x(u) = -11*n(u) + 2*t(u). Give x(g).
5
Let b(g) = -12*g + 1. Suppose -2*z + 8 = -5*q, 12*q - 10*q + 1 = 3*z. Give b(q).
25
Suppose 7*j + 6 = 69. Let n be (1*-2)/(j/(-18)). Let f(m) = m**3 + 2*m**2 - 7*m - 6. Let y(v) = v**2 - v - 1. Let r(k) = f(k) - 5*y(k). Give r(n).
7
Let b(x) = 5*x + 2. Suppose -2*m - 3*t + 7 = 0, 0 = -m - m + 3*t + 1. Determine b(m).
12
Let j(a) = 2*a - 1. Suppose -9*o + 7*o = 32. Let q = 11 + o. Calculate j(q).
-11
Let w(p) be the third derivative of -p**5/60 - p**4/3 - 7*p**3/6 - 2*p**2. Let b(m) = 38*m - 2. Let d be b(1). Suppose -7*g + 13*g = -d. What is w(g)?
5
Let w = 4 - -1. Let x = 87 + -60. Let b(v) = -14 - 7 + 5*v + x - v**2. Determine b(w).
6
Let n(s) be the first derivative of s**3/3 - s**2/2 - 11*s + 144. Calculate n(0).
-11
Let m(s) = s**2 + 9*s + 7. Let g be m(-2). Let x(i) = -i**3 - 7*i**2 + i - 6. Determine x(g).
-13
Let k(g) = -g**3 + 11*g**2 + 10*g + 16. Let h(v) = -v**3 - 31*v**2 + 3*v + 105. Let n be h(-31). Determine k(n).
-8
Suppose -5*j + 44 = -j. Let g(m) = -m**3 - 2 - 167*m**2 - 184*m**2 + 362*m**2 - 2. Give g(j).
-4
Let i = -16 + 11. Let c(l) be the first derivative of l**2/2 + 7*l - 364. Determine c(i).
2
Let g(l) = -1 - 3 + 3*l - l**2 + 2. Give g(0).
-2
Let t(w) = 2*w - 5*w - 4 - 3*w**2 - w + 2*w**2. Let s be t(-4). Let a(q) be the second derivative of q**3/6 + 5*q**2/2 - 3*q. What is a(s)?
1
Suppose 3*o + 11 = 4*d, -10 = o - 5*d + 12. Let n be ((-4)/(-5))/(4/70). Let m be (6 - n)*o/(-4). Let f(p) = p - 3. Determine f(m).
3
Let f = 410 + -412. Let h(p) = -p**2 - p. Let l(n) = 2*n**2 + 3*n - 2. Let k(d) = 3*h(d) + l(d). Determine k(f).
-6
Let l(r) = -2*r - 4. Let m be l(-5). Let y be -10 + 10 + m/2. Let i(k) = -3*k + 10 - 9 - y. Give i(2).
-8
Let z = 81 - 76. Let g(w) = z + 6 + w**2 - 2*w - 10. Determine g(2).
1
Let p(z) = z**3 - 7*z**2 + 6*z - 5. Suppose b + 3*n + 25 = -18, -2*n + 86 = -2*b. Let g = -37 - b. What is p(g)?
-5
Suppose 23 = 4*r - 7*r - 4*o, -2*o - 15 = 5*r. Let n(t) = -t**2 - t - 2. Let c(f) = f**2 + f + 1. Let q(s) = r*n(s) - 2*c(s). Calculate q(-1).
0
Let t(r) = -r**2 - 5*r - 10. Let i be t(-2). Let y(o) = -2*o - 1. Let n(z) = -z - 2. Let m(q) = i*y(q) + 5*n(q). Calculate m(7).
15
Let g be ((-1)/(-3))/(((-44)/(-60))/11). Suppose 12 + 5 = g*k + r, -3*k + 9 = r. Let s(u) = u**3 - 4*u**2 + u - 3. What is s(k)?
1
Suppose i + 2*f - 8 = -0*i, 4*f + 8 = 0. Suppose -8*q + 4 = -i*q. Let t(p) = -3*p**3 - p**2. Give t(q).
2
Let z(k) = 7*k**2 + k - 2. Let i be 20/6*(-12)/(-5). Let j = i + -7. Let v be z(j). Let p(d) = d**3 - 6*d**2 + d. What is p(v)?
6
Let t(k) = 9*k**2 - 5*k**2 - 1 + k - 2*k - 5*k**2 - 6*k**2. What is t(1)?
-9
Let c = -1 + 31. Let o = c - 63. Let t = o + 26. Let x(b) = -b**3 - 8*b**2 - 8*b - 8. Determine x(t).
-1
Suppose 2*f - 5*f + 3*i + 48 = 0, 3*i = -2*f + 12. Let o(x) = 2*x**2 + 0*x**2 - 6*x + f*x - 4 - 1. Give o(-5).
15
Let g(f) = f**3 - f**2 + 3*f - 3. Let y be 2*(-3)/(-4)*2. Suppose -2*q - 1 = -4*n - 5*q, -y*q = 3*n + 3. Let i be (3/n)/((-18)/(-48)). What is g(i)?
7
Let v be (-3)/21 - (-41)/(-7). Let n(k) be the third derivative of 1/24*k**4 + 4*k**2 + 0*k + 0 + 1/6*k**3. Give n(v).
-5
Suppose 5*q = -0*q. Suppose -2 = -a - q. Let h(k) = -k - 5 - k**a - 1 + 2 - 5*k. Determine h(-4).
4
Let i(n) be the third derivative of n**5/60 + n**4/24 - n**3/6 + 2*n**2 - 21*n. Give i(0).
-1
Let t = 181 - 174. Let f(c) = c**3 - 6*c**2 - 7*c + 8. Calculate f(t).
8
Let y(d) = -d - 5*d**2 + d**2 + 2 - 3 + d**3. Let a be (21/(-9) + 1)/((-8)/18). Suppose -6 = -i - a. What is y(i)?
-13
Let x(d) be the second derivative of d**5/20 - d**4/6 + d**3/3 - 3*d**2/2 + 4*d. Suppose 0 = 2*w + 2*k - 10, -31*w - 3*k + 5 = -33*w. Give x(w).
1
Let x(q) = 3*q**3 + 4*q**2 - 6*q + 6. Let j(i) be the first derivative of 2*i**4 + 4*i**3 - 17*i**2/2 + 17*i - 9. Let g(p) = 4*j(p) - 11*x(p). Give g(4).
-6
Let l(o) = -o**2 + 5*o + 7. Let c = -16 - -20. Suppose t + c*a - 19 = -5, 20 = 4*t - 2*a. Let d be l(t). Let u(k) = -3*k - 1. Determine u(d).
-4
Let m(f) = f + 5. Let n(d) = -d**3 + 23*d**2 - 21*d - 20. Let g be n(22). Suppose -29 = g*p - 41. Determine m(p).
11
Let c = 2 + -5. Let f be (-48)/(-30) + 3/(-5). Let g(k) = k + 7 - 2 - f - 2*k. What is g(c)?
7
Suppose -v + 0*v = 5*l - 28, -4*l + 14 = -2*v. Let b(j) = -3 + 4*j - 2*j**3 - j**2 - l*j + 3*j**3. Suppose 111*h - 20*h - 55*h - 108 = 0. What is b(h)?
12
Let l(x) = x + 8. Let w = 10 + -6. Let s be (0/2)/(7/(-7)). Suppose 5*d + 3*a + 35 = 12, s = -w*d - 3*a - 19. What is l(d)?
4
Suppose 3*z - 7*z + 8 =